8285. Is w prime?
True
Suppose -7*g = -11*g - 29303 + 118731. Is g a prime number?
False
Suppose -9*y = -181266 - 343011. Let v = y - 25842. Is v prime?
True
Let q = 11116 - -13829. Let v = q - 14076. Is v composite?
True
Suppose k - 17 = -2*p + 11, -2*k + 5*p = -65. Let s be k/(-20) - ((-211)/2 - 2). Suppose 0 = 4*m - 1234 - s. Is m composite?
True
Let n(q) = q + 17. Let c be n(-14). Suppose -3*j + 3*m = -3, 4*j - c = 7*m - 2*m. Is j*4/(-8)*-551 composite?
True
Let y = -110354 - -298153. Is y prime?
False
Suppose 161*d - 363*d + 3579844 = 0. Is d prime?
False
Let r = -7147 - -13244. Let s = -10466 - -16474. Suppose -s - r = -9*g. Is g a composite number?
True
Let f = 2495 + -5306. Let d(o) = 78*o**3 - o + 2. Let z be d(4). Let n = z + f. Is n composite?
False
Suppose 135008 = 7*k - 5*k + 2*c, 2*k - 135005 = c. Is k composite?
True
Suppose -66535 + 18988 = -9*p. Suppose h - 10*h + p = 0. Is h a prime number?
True
Let l(f) = -10*f**3 - 23*f**2 - 123*f - 3. Is l(-43) composite?
False
Let j = 2892 - 1375. Let c = j - -286. Is c a prime number?
False
Suppose -5*c - 3362 = 2*o - 14203, 0 = -2*o + c + 10871. Let z = 826 + o. Is z composite?
True
Is 75924 + (-17 - -2 - (-106 - -102)) prime?
True
Let y(i) = 2*i + 36. Let n be 11/66 - (-103)/(-6). Let z be y(n). Suppose -4*v = -z*t - 3878, 3*t - 957 = -v + t. Is v prime?
True
Is 51/34 - (-1 + (-130587)/6) prime?
True
Let d(s) = -s**2 - 8*s + 69. Let h be d(-13). Suppose -11969 = -y - h*n, -4*y - 5*n + 40512 = -7320. Is y a composite number?
False
Suppose a - 4*v - 21377 = 0, 5*a - v - 106885 = -4*v. Is a a composite number?
False
Let a be 2/3*(-12)/8. Let s be ((-2)/a)/(-5 + 1026/204). Is 53/(-2 - (-140)/s) prime?
False
Suppose 57*j - 61*j = -14260. Suppose 2*k - 4*n = -4336, 5*k + 6*n + 10840 = 3*n. Let i = j + k. Is i a composite number?
True
Suppose -845*v = -3*c - 844*v + 498024, 12 = 4*v. Is c a composite number?
True
Let g = -137773 + 220356. Is g prime?
False
Let j be (7/(-2))/(4/16). Let i be 1/(((-7)/j)/(157/2)). Suppose -i = -y + 4*n, 4*y - 2*n - 490 - 110 = 0. Is y a composite number?
False
Suppose 1467 = 3*c + 3*i, -3*c - 982 = -5*c - 4*i. Let h(s) = -s**2 + 21*s - 34. Let q be h(13). Suppose m - q - c = 0. Is m a composite number?
False
Let q(x) = -x**3 + 3*x**2 + x + 1. Suppose -4*j = -v - 5, 0*v + 2*j = 3*v - 5. Let s be q(v). Is (-1 + 587)*(-6 + 26/s) prime?
True
Let q(u) = u**3 + 17*u**2 - 45*u + 22. Let p be q(-19). Suppose 156*x - 443 = p*x. Is x a prime number?
True
Suppose 3*f - 2*x + 516 = 99955, 3*f + 3*x - 99399 = 0. Is f a composite number?
True
Suppose -198 = 4*l - 234. Suppose -34874 = -5*p - l*p. Is p prime?
False
Let d(m) = 11288*m + 8246. Is d(16) a composite number?
True
Suppose -540735 - 44775 = 93*k - 3844137. Is k a prime number?
False
Suppose -15*a + 3114085 = -10*a + 5*t, -3*a = -t - 1868435. Is a a prime number?
True
Let l(s) = s + 1. Let g(k) = -2*k - 1. Let f(b) = -g(b) - 3*l(b). Let x be f(-2). Suppose 0 = -x*y + 6*y - 6486. Is y composite?
True
Let k(w) = 22*w - 73. Let o be k(4). Let n(c) = 70*c + 16. Let j(t) = -35*t - 8. Let g(i) = 5*j(i) + 3*n(i). Is g(o) prime?
False
Suppose 4*j - j = 5*q - 1, -q = 1. Is j/8 - -483*161/28 a prime number?
True
Let x(w) = 1 + w - 8*w + 9*w**2 + 5 - w. Suppose 24 = 7*a - 4. Is x(a) prime?
False
Suppose 0 = -2*t + 5*t - 15, 2*t + 15 = 5*y. Suppose -2*f + 623 = 2*u - u, -f = -y*u + 3060. Is u prime?
True
Let p be 118 - (1 - -2 - 7). Let w be (-1 - 0) + p + 4 + 1. Let y = 61 + w. Is y composite?
True
Let y(s) = 174*s**2 - 227*s + 1321. Is y(51) composite?
True
Let l be 2/9 - 4/18. Suppose l = k - 3. Is 4397/k - (-4)/(-6) a composite number?
True
Let b(n) = n + 5. Let c be b(5). Let j be (4/6)/(c/(-30)). Is 16730/6 + j/(-3) a prime number?
True
Let n(m) = m**2 - 6*m + 4. Let b be n(5). Let c(l) = -4649*l - 12. Is c(b) a prime number?
True
Let m = -98727 + 139822. Is m prime?
False
Let n(d) = -355*d - 14. Suppose 17*c = 4*c + 1196. Let x = -101 + c. Is n(x) composite?
False
Let x(j) = 183*j**2 + 20*j**2 - 287*j - 29 + 296*j. Is x(-9) a prime number?
True
Let j(b) = -4041*b + 332. Is j(-89) a prime number?
True
Let f be 820 - ((-1)/2 - (-19)/(-38)). Suppose 0 = -28*p + 27*p + f. Is p a composite number?
False
Let m(s) = 53481*s - 520. Is m(5) prime?
False
Let f be 11 + (-21 + -4)/5. Is 6/18 - (-14860)/f prime?
True
Is (-3 + (-77)/(-22))/(1/56338) a composite number?
True
Let w(a) = 12*a - 7. Let m(p) = -11*p + 6. Let h(d) = 5*m(d) + 4*w(d). Let v be h(-4). Suppose 4*x + 12 = 0, 0 = 4*n + 3*x + v - 121. Is n a composite number?
True
Let m be -1*2/(-2) + 1045. Let d be 2 - (1/2 + 73/146). Is d/(-2)*((-2 - m) + 2) composite?
False
Suppose -17*l - 3*n = -22*l + 508391, -3*l + 4*n + 305039 = 0. Is l composite?
True
Suppose 6*j + 4*n - 1641742 = 0, -18*n - 1368113 = -5*j - 22*n. Is j prime?
True
Let i be (-1)/(-3) + 1*80/(-15). Let v be i/15*-2*3. Suppose -w = -2*g - v*w + 1126, 2815 = 5*g + 2*w. Is g composite?
False
Let u(p) = 126*p**3 - 11*p**2 + 70*p + 26. Is u(6) a prime number?
False
Suppose -87*i + 60*i = 103*i - 31367570. Is i composite?
True
Is (-9 - 19008 - 5)*2/(-4) composite?
False
Suppose -20 = -10*l - 0*l. Suppose 0 = 4*a - l*q - 58086, -3*q + 0 - 3 = 0. Is a prime?
False
Suppose -749123 = -334*u + 14735. Is u composite?
False
Let j = -7 + -232. Let i = j - -1131. Let d = 1017 + i. Is d a composite number?
True
Let l = -1489 + 1604. Is l prime?
False
Let x(a) = -38*a - 86. Let y be x(43). Let d = -899 - y. Is d prime?
True
Let s = -60444 + 315185. Is s a prime number?
True
Suppose -4*a - 2*m + 460 = 0, -4*a + 3*m = -324 - 156. Suppose 3*b = 5*l + 253, -b - 6 + a = 5*l. Is b a prime number?
False
Let x = -39960 + 71645. Is x a composite number?
True
Suppose -6 = -6*l + 8*l. Let k be 3 + l + 10/(-2). Is 673 + k/5*2 a composite number?
True
Let k = 38690 - 18745. Is k a composite number?
True
Let q(d) be the second derivative of 68*d**3/3 - 9*d**2/2 - d - 4. Is q(1) composite?
False
Let f = 226 + -223. Let s(x) = 83*x**2 - 5*x + 7. Is s(f) a composite number?
False
Let l(m) = 486*m + 13. Let c be (2/4)/((-10)/80). Let y = -1 - c. Is l(y) composite?
False
Is 4/(-6)*10/((-100)/1072185) composite?
False
Let h = -371 - -554. Suppose 3*y + h = c, 3*c - 549 = -2*y - 2*y. Let g = c + -44. Is g a composite number?
False
Suppose 5*n - 6*n - 6 = -l, -4*n = 3*l - 4. Is 12755/(-2)*n - 4 composite?
True
Suppose 3*p - 75 + 3 = 0. Let r(b) = -b**3 + 24*b**2 + 24*b - 19. Is r(p) a prime number?
True
Suppose 315*h - 333*h = -6858. Is h composite?
True
Suppose -2*j - 3*l = -1216367, 4*j - 10*l - 2128599 = 304215. Is j composite?
False
Let c(v) = v**3 + 4*v**2 - 5*v - 99. Let o be c(13). Suppose 3*q - o = 3*g, -4*g = q - 0*q - 923. Is q a prime number?
True
Let m be 3/(-18)*2 + (-11452)/(-12). Suppose 0 = 5*p + 2*r - 1599, -p - 2*p + m = 3*r. Is p a composite number?
True
Suppose -12*n + 4296 = -0*n. Let s = n - -621. Suppose t + 2*l - s = 0, 2*l = 2*t + 7*l - 1958. Is t a prime number?
False
Suppose 23*b - 10387 - 528664 = 0. Is b a prime number?
False
Suppose 26*g + 14 = 66. Suppose -4*m - 15278 = -2*b, -g*m - 685 + 8324 = b. Is b a prime number?
True
Suppose 0 = -2*q + 23 - 13. Let r(y) = -y**3 + 7*y**2 - 9*y. Let j be r(q). Suppose 0 = p + j*o - 3*o - 1245, 5*o - 1230 = -p. Is p composite?
True
Suppose 2*o + 4*t - 16 = 30, o = t + 11. Suppose -3*c = -o - 24. Let h(k) = 19*k + 4. Is h(c) a prime number?
True
Suppose 90 = 3*m - 0. Let l be 2745/m*5*2. Let x = 1564 - l. Is x a composite number?
True
Let n(s) = -15*s**3 + 17*s**2 - 21*s - 123. Is n(-8) composite?
True
Suppose 0 = -4*k + 4*p + 4252, -3*k + 0*p = -p - 3195. Suppose 2*r - 602 = 3*g, -6*r + 902 = -3*r - 4*g. Suppose -4*j = -k - r. Is j prime?
False
Let q(n) = -8*n**3 - 13*n**2 - 21*n - 7. Let b be q(-16). Suppose -5*l + 2*v + b = 0, -l - 5*v + 2176 + 3767 = 0. Is l prime?
True
Suppose t + 4*a = -1070, 4343 = -4*t + a + 4*a. Let s be (-1 + -2 - 1) + t. Let i = s + 1753. Is i prime?
False
Suppose 2*w - 4*r = 557318, -4*w = -21*r + 18*r - 1114666. Is w composite?
False
Let i = -15690 - -23977. Is i prime?
True
Suppose 0 = 8*n - 33 + 9. Suppose -6*p + 21 = -n*p. Suppose -2*k + 2*y = -p*k + 1566, -y - 1572 = -5*k. Is k composite?
True
Let p(y) = -y**2 + 27*y - 64. Let k be p(23). Is 